mine c(17).
-1
Let p(r) = 14*r + 6. Determine p(-1).
-8
Let h(c) = -c**3 - c**2 + 27*c + 56. Determine h(-4).
-4
Let g(s) = -s**2 + 2*s + 37. Give g(7).
2
Let a(w) = 3*w - 10. Determine a(-3).
-19
Let w(s) = -s**2 + 12*s - 2. What is w(8)?
30
Let y(a) = -a**3 - 24*a**2 - 141*a - 25. What is y(-10)?
-15
Let w(x) = -x**2 - 11*x - 5. What is w(-11)?
-5
Let b(n) = -n**2 - 9*n + 143. What is b(-17)?
7
Let d(w) = 2*w**2 + 18*w + 26. Give d(-8).
10
Let m(c) = c**2 + 37*c + 122. Calculate m(-33).
-10
Let y(m) = -m**3 - 3*m**2 + 5*m - 2. What is y(0)?
-2
Let m(g) = -g - 5. What is m(0)?
-5
Let g(o) = o**3 + 5*o**2 + 2*o - 1. Calculate g(-3).
11
Let u(v) = 37*v - 2. What is u(-1)?
-39
Let j(l) = l + 39. Give j(0).
39
Let k(w) = -3*w + 1. Determine k(-6).
19
Let i(v) = v**3 - 7*v**2 + 12*v - 5. What is i(5)?
5
Let t(w) = w - 7. Calculate t(10).
3
Let p(s) = s**3 - 4*s**2 - 17*s + 43. Give p(6).
13
Let s(r) = 27*r + 10. Give s(-4).
-98
Let u(g) = g**2 + 9*g - 1. Give u(-12).
35
Let t(a) = -a**3 + a**2 - 2*a + 11. Give t(0).
11
Let x(q) = -q**2 - 9*q - 9. What is x(-10)?
-19
Let u(r) = -r + 3. What is u(1)?
2
Let w(s) = 5*s + 22. Determine w(-5).
-3
Let l(n) = 26*n + 236. Calculate l(-9).
2
Let i(m) = m + 29. Determine i(-13).
16
Let b(m) = m**3 + 13*m**2 - 17*m - 38. What is b(-14)?
4
Let s(i) = 2*i + 12. Calculate s(-1).
10
Let j(a) = a**3 - 8*a**2 - 6*a + 12. What is j(9)?
39
Let m(h) = -h**3 + h**2 + 5*h + 1. Give m(-4).
61
Let x(j) = 9*j**2 - 150*j - 50. Give x(17).
1
Let z(f) = -f**2 - 5*f + 11. What is z(-5)?
11
Let c(v) = -v**3 - 6*v**2 + 5*v + 15. Calculate c(-7).
29
Let u(f) = -f**2 + 25*f - 95. What is u(5)?
5
Let s(b) = -2*b**3 - 13*b**2 - 32*b - 79. What is s(-5)?
6
Let a(j) = j**3 + 14*j**2 + 15*j + 13. Give a(-13).
-13
Let y(u) = -4*u + 28. Give y(5).
8
Let i(h) = -h**2 - 11*h - 13. What is i(-12)?
-25
Let a(f) = 7*f - 21. Determine a(5).
14
Let t(y) = y**3 - 4*y**2 - 16*y + 18. Determine t(6).
-6
Let q(k) = k**2 - 20*k + 75. Calculate q(7).
-16
Let k(z) = z**2 + 10*z - 42. What is k(-14)?
14
Let l(t) = -t**2 + t + 1. Determine l(-4).
-19
Let l(j) = j**2 + 4*j + 7. What is l(-2)?
3
Let i(x) = 7*x**2 - 9*x + 15. What is i(4)?
91
Let s(h) = -h**2 + h - 5. Give s(6).
-35
Let x(u) = u**2 + u + 9. Calculate x(-5).
29
Let b(a) = -a + 28. Calculate b(28).
0
Let l(c) = c**3 + 10*c**2 + 11*c + 1. Determine l(-9).
-17
Let c(l) = -2*l**3 - 14*l**2 + 16*l - 28. Determine c(-8).
-28
Let d(f) = 4*f**2 - f - 4. Calculate d(2).
10
Let h(m) = 7*m + 280. What is h(-40)?
0
Let n(v) = -26*v**3 + v**2 - 2*v + 1. Give n(1).
-26
Let j(r) = r - 13. Give j(9).
-4
Let d(r) = r**2 + 2*r. Calculate d(-2).
0
Let z(s) = -s**3 - 5*s**2 + 2*s - 6. Determine z(-5).
-16
Let b(t) = 6*t - 14. What is b(6)?
22
Let h(d) = d**2 + 25*d + 72. What is h(-22)?
6
Let k(p) = p**3 + 6*p**2 + 6*p + 21. What is k(-5)?
16
Let s(m) = -7*m**2 - 5*m - 5. Give s(-1).
-7
Let o(y) = 3*y - 22. What is o(7)?
-1
Let m(i) = -i**3 + 5*i**2 - 7*i + 1. Give m(5).
-34
Let g(b) = -4*b + 12. Give g(8).
-20
Let q(o) = -o**3 + 17*o**2 + 11*o + 6. Determine q(18).
-120
Let f(s) = -2*s**2 - 10*s - 5. Determine f(-5).
-5
Let o(w) = -w**2 - 13*w + 117. Give o(6).
3
Let y(x) = x**2 + 2*x. Give y(0).
0
Let c(z) = -z**2 - 37*z - 40. Give c(-36).
-4
Let s(y) = 2*y + 15. Determine s(-5).
5
Let b(w) = -w**2 + 5*w + 2. Calculate b(6).
-4
Let s(v) = -v**2 + v + 31. Calculate s(0).
31
Let r(y) = -y - 9. Give r(-4).
-5
Let j(d) = 8*d**2 + 53*d + 7. Determine j(-6).
-23
Let n(w) = w**3 - w**2 + 4*w. Determine n(-3).
-48
Let r(v) = -v**3 - 21*v**2 + 67*v - 125. Give r(-24).
-5
Let p(r) = -r**2 - 36*r - 122. Give p(-32).
6
Let b(x) = -2*x**2 - 17*x + 23. Determine b(-11).
-32
Let j(s) = -s**3 - 10*s**2 - s + 1. Calculate j(-10).
11
Let v(d) = d**2 + 4*d - 22. Calculate v(-8).
10
Let r(h) = -h**3 - 9*h**2 - 11*h + 38. Determine r(-6).
-4
Let y(f) = 3*f**2 + 14*f + 6. Give y(-4).
-2
Let u(z) = z**3 + 6*z**2 - 10*z + 11. What is u(-8)?
-37
Let l(n) = 2*n + 28. What is l(-10)?
8
Let i(f) = 2*f**3 - 9*f**2 + 5*f - 10. Calculate i(6).
128
Let l(f) = -16*f - 28. Calculate l(4).
-92
Let s(t) = 2*t**3 - 11*t**2 + 3*t - 17. Determine s(5).
-27
Let j(z) = 4*z. Determine j(2).
8
Let h(p) = -22*p - 6. Determine h(4).
-94
Let f(x) = -x**2 + 4*x + 7. What is f(7)?
-14
Let t(x) = x**3 - 2*x**2 + 2*x + 3. What is t(3)?
18
Let i(b) = -5*b - 13. What is i(-3)?
2
Let l(x) = -17*x**3 + 4*x**2 + 4*x + 3. Calculate l(-2).
147
Let w(g) = 11*g - 13. What is w(1)?
-2
Let q(o) = -95*o - 3. Calculate q(-1).
92
Let o(m) = 5*m - 15. Calculate o(8).
25
Let u(q) = -q**2 + 14*q - 12. Determine u(10).
28
Let i(n) = -n**2 - n + 6. Give i(0).
6
Let p(m) = 2*m + 8. What is p(0)?
8
Let c(m) = -m**2 + 2*m - 30. What is c(0)?
-30
Let b(y) = 2*y - 4. Determine b(3).
2
Let c(l) = -l**3 + 3*l**2 + 9*l - 19. Determine c(4).
1
Let v(c) = -c**3 + 3*c**2 + 12*c - 33. Determine v(4).
-1
Let w(b) = b**3 + 5*b**2 - 10*b - 10. Calculate w(-7).
-38
Let w(d) = -8*d**2 + 2*d + 32. Determine w(-2).
-4
Let s(v) = -v**2 + 24*v - 107. Give s(19).
-12
Let k(d) = -d**3 + 2*d**2 + 2*d - 3. Give k(1).
0
Let t(d) = 5*d - 13. Give t(9).
32
Let n(k) = -k**3 - 20*k**2 - 14*k + 4. Determine n(-19).
-91
Let h(b) = -b**3 - 3*b**2 + 6*b. Calculate h(-5).
20
Let c(l) = l - 9. Calculate c(12).
3
Let l(y) = -2*y**2 - 20*y - 11. What is l(-9)?
7
Let s(k) = 3*k**2 - 2*k + 5. What is s(5)?
70
Let t(l) = -l**3 - 12*l**2 - 20*l + 13. Calculate t(-10).
13
Let m(l) = l**2 + 49*l + 374. Give m(-9).
14
Let s(j) = -j**3 - 20*j**2 + 67*j - 18. Determine s(-23).
28
Let u(t) = -5*t**2 - 4*t - 3. What is u(-2)?
-15
Let t(h) = -h**2 + 21. Calculate t(-9).
-60
Let f(r) = r**3 + 6*r**2 - 6*r + 10. What is f(-7)?
3
Let d(g) = 35*g. What is d(-1)?
-35
Let n(x) = -8*x - 250. Determine n(-30).
-10
Let i(z) = 8*z**2 + 8*z + 5. Give i(-3).
53
Let v(j) = j**3 + 7*j**2 - 17*j - 74. Calculate v(-8).
-2
Let q(f) = -f**3 + 10*f**2 + 11*f - 12. What is q(11)?
-12
Let x(i) = -25*i + 722. What is x(29)?
-3
Let b(w) = -w**3 - 21*w**2 + 72*w + 4. Determine b(-24).
4
Let a(w) = -w**3 + 6*w**2 - 2*w - 2. What is a(5)?
13
Let f(g) = -3*g**2 + 37. What is f(-4)?
-11
Let y(f) = -f**3 + 3*f - 1. What is y(-4)?
51
Let v(r) = 89*r - 1149. Determine v(13).
8
Let o(l) = 6*l - 10. What is o(5)?
20
Let d(t) = -3*t**2 - 4*t + 20. Calculate d(3).
-19
Let o(s) = -s + 6. Give o(7).
-1
Let b(p) = -p**3 + 7*p**2 - 3*p + 8. What is b(7)?
-13
Let y(c) = -c**3 - 4*c + 1. Calculate y(3).
-38
Let g(n) = -n**3 + 5*n**2 - 2*n - 2. Calculate g(4).
6
Let d(m) = -m + 2. Give d(-3).
5
Let j(i) = -5*i**2 - 23*i - 1. Calculate j(-4).
11
Let q(r) = r**2 - 6*r - 20. Calculate q(10).
20
Let w(p) = p**3 + 12*p**2 - 15*p - 21. What is w(-13)?
5
Let v(r) = -r**3 + 30*r**2 - 23*r - 62. Calculate v(29).
112
Let a(k) = -2*k**3 + 13*k**2 - 6*k. Determine a(6).
0
Let a(o) = -4*o + 14. Calculate a(6).
-10
Let r(p) = -p + 29. Give r(0).
29
Let l(r) = 4*r**2 + 37*r + 12. What is l(-8)?
-28
Let p(u) = 3*u**2 + 5*u + 14. Calculate p(-5).
64
Let g(i) = 2*i**3 - 4*i**2 - 2*i + 4. Give g(3).
16
Let p(l) = -l**2 - 12. Calculate p(0).
-12
Let i(u) = u**2 + 5*u + 1. Determine i(-6).
7
Let m(h) = -13*h**3 - h**2 + 1. Give m(1).
-13
Let s(m) = -m**3 + 10*m**2 - 10*m + 1. Calculate s(9).
-8
Let i(c) = c**3 - 3*c**2 - 4*c - 5. What is i(4)?
-5
Let s(v) = 2*v - 3. Calculate s(2).
1
Let j(v) = -67*v + 107. Calculate j(3).
-94
Let m(f) = -f - 15. Calculate m(9).
-24
Let x(y) = -y**2 + 11*y + 45. Determine x(14).
3
Let z(p) = -p**2 - 7*p + 1. What is z(-7)?
1
Let p(b) = -b**2 + 13*b + 10. What is p(0)?
10
Let j(l) = l**3 - 6*l**2 - 5*l + 11. Give j(5).
-39
Let u(k) = 2*k**3 - k**2 - 2*k - 2. Determine u(-3).
-59
Let v(k) = 14*k**2 + 2*k + 1. Give v(-1).
13
Let a(w) = -w**2 - 3*w + 103. What is a(-12)?
-5
Let z(c) = -c**2 - 11*c + 17. What is z(-11)?
17
Let y(w) = 4*w**2 + w - 10. What is y(3)?
29
Let k(j) = j**3 - 6*j**2 + 2*j + 7. Give k(4).
-17
Let y(c) = -2*c**2 - 21*c - 36. What is y(-8)?
4
Let d(x) = x**3 + 12*x**2 + 22*x. Give d(-7).
91
Let q(u) = u**3 + 11*u**2 + 9*u - 11. Give q(-10).
-1
Let m(f) = -f - 8. Determine m(-14).
6
Let y(f) = -f**3 - 10*f**2 - 4*f - 35. What is y(-10)?
5
Let w(h) = h**2 + 12*h + 5. What is w(-10)?
-15
Let w(d) = d**3 - 10*d - 1. Give w(-3).
2
Let 